 - 12 = 0, 8 = -2*j. Let m(y) = y**2 + y + 2. Let q be m(h). What is the highest common factor of q and 14?
2
Suppose 0 = u - 5 - 0. Suppose 2*g + 7 = 23. Suppose 3*p + 5 = g. Calculate the highest common divisor of p and u.
1
Let a = 48 - 3. Suppose 15 = 5*b - 10. Calculate the highest common factor of a and b.
5
Suppose 0*z - z = 5*r - 321, -5*z = -5*r + 345. Calculate the greatest common divisor of r and 715.
65
Suppose 0 = 6*t - 2*t - 12. Suppose -g + 9 = t. Suppose g*l - 44 = 2*l. Calculate the greatest common factor of 99 and l.
11
Let h = 55 - 8. Suppose -8 = -5*q + h. Calculate the greatest common factor of 88 and q.
11
Let a be (-1)/(1/10*-1). Calculate the highest common divisor of 110 and a.
10
Suppose 5*y + 5*a = 270, -y + 105 = y - a. Let p = y - 17. What is the greatest common divisor of 12 and p?
12
Suppose -2*k - 34 = -2*f, -4*k = -2 + 6. What is the highest common divisor of 16 and f?
16
Let b be (26/(-10) + 2)/((-39)/585). Let k(c) = 2*c**2 + 2*c + 2. Let p be k(-2). What is the greatest common divisor of b and p?
3
Let p(m) = 11*m + 3. Let i be p(2). What is the greatest common divisor of i and 5?
5
Suppose -5*w + 50 = -5*c, 2*c - 6 - 6 = -2*w. Calculate the greatest common factor of w and 40.
8
Let f = -114 - -202. Let o be 8*2*(-2)/(-4). Calculate the greatest common factor of f and o.
8
Let m(n) = -n**3 + 2*n**2 - 1. Suppose a = -2*a + 3. Let z be m(a). Let b = z - -6. What is the greatest common divisor of 1 and b?
1
Let c be 1412/8 + 2/(-4). Suppose 182 = 4*u - 0*g + 3*g, -4*g - 80 = -2*u. Suppose 4*n = u + 20. Calculate the greatest common divisor of n and c.
16
Let g be (-20)/(-4)*(-1 - -2). Suppose 3*z = l - 2*l + 34, -z - 2*l = -18. Let n be 6/4 - g/z. Calculate the greatest common divisor of 3 and n.
1
Let l be (-4)/14 - (-80)/(-14). Let j = -4 - l. Let k be (-11)/(-1 + j - 2). What is the highest common divisor of k and 44?
11
Suppose 0 = 3*t - 6, -2*h + 2*t + 130 + 82 = 0. Let b be (-2)/(-3)*h/6. What is the highest common factor of b and 24?
12
Let f be ((-30)/8)/((-6)/16). Let m be (-4)/10 + 14/f. What is the highest common factor of 1 and m?
1
Let i = 7 + 4. Suppose -4*x = -1 - i. What is the highest common factor of x and 9?
3
Suppose -4*k + 9*k = 110. Let r = -10 + 48. Let j = r - k. What is the greatest common factor of j and 8?
8
Let d(h) = -7*h - 54. Let a be d(-14). Calculate the highest common factor of 110 and a.
22
Let m = 3 + 8. Let l = m - 6. Let k be ((-4)/9)/((-6)/27). What is the highest common divisor of k and l?
1
Let o = 73 - -17. Calculate the highest common factor of 10 and o.
10
Let n(d) = -21*d + 4. Let s(f) = -1. Let j(h) = -n(h) - 5*s(h). Let w be j(1). What is the greatest common divisor of 11 and w?
11
Suppose 0 = 14*m - 11*m + 2*y - 24, -2*y + 4 = m. Suppose -i - 25 = -2*r + 16, 3*r - 4*i = 64. Calculate the highest common divisor of m and r.
10
Let m(k) = k + 4. Let n be m(-2). Suppose n*o + 44 = 6*o + u, 4*o - u = 36. Calculate the highest common divisor of 70 and o.
10
Let u = 34 - -1. What is the greatest common divisor of 7 and u?
7
Suppose -11*n + 324 = -2*n. What is the greatest common factor of n and 144?
36
Let x be (-39)/(-9) + (-3)/9. What is the greatest common divisor of 24 and x?
4
Let n = -7 + 29. Calculate the highest common divisor of 242 and n.
22
Suppose 0 = -4*o - 3*x + 55, -2*o - x + 22 = -5*x. Let y(g) = -g**3 + 9*g**2 - 2*g + 4. Let h be y(8). Calculate the greatest common factor of h and o.
13
Suppose 2*x - 6*x = 0. Suppose 4*o - 2*f = 22 + 24, o + f - 10 = x. Calculate the highest common factor of o and 88.
11
Suppose -6*j - 240 = -26*j. Let v(a) = 97*a**2 - a. Let z be v(1). Calculate the highest common factor of j and z.
12
Let u = 389 + -277. Calculate the greatest common factor of 14 and u.
14
Let i = -7 + 8. Let b = i + 9. Calculate the highest common divisor of 4 and b.
2
Let d = -20 - -45. Suppose 3*v - 2 = d. Suppose -t - t + 140 = 4*s, s = 3*t - 217. What is the greatest common factor of v and t?
9
Suppose q + 2 - 6 = 0. Suppose 78 = 2*l + l - 2*b, q*b = -4*l + 84. Let k(a) = -2*a - 2. Let t be k(-4). What is the highest common factor of l and t?
6
Let f be -12 + 11 + 1*3. Let p be (-130)/(-12) - f/(-12). What is the highest common divisor of 55 and p?
11
Suppose 5*g - 4*g + 3*l = 17, 4*g + l - 24 = 0. Suppose -g*v - 34 = -214. Calculate the highest common factor of 4 and v.
4
Suppose 4*r = -v - 282, -3*r - 2*r - 358 = 4*v. Let x be 1/3 + r/(-15). Let c be (22/x)/((-1)/(-5)). What is the highest common factor of c and 33?
11
Let y be 2/(-4) + (-37)/(-2). Let w be 2 + (-1 - -8 - 0). Suppose 2*v + 2 = x - 2, -w = -5*x - v. What is the greatest common divisor of y and x?
2
Suppose -18*k + 400 = -13*k. Calculate the highest common divisor of k and 32.
16
Let l be (0*(-1)/(-3))/2. Let g be (0 - 0) + 13 + l. Suppose -8 = -4*v, -44 = -3*h - 2*v + 38. What is the highest common divisor of g and h?
13
Suppose 120 = 6*w + 2*w. What is the greatest common factor of 15 and w?
15
Suppose -5*a + 1757 - 602 = 0. Calculate the highest common divisor of 33 and a.
33
Let o be -138*((-28)/8 + 4). Suppose 5*c - 270 = 330. Let f = c + o. What is the highest common factor of 34 and f?
17
Let k(w) = 5*w - 4. Let d be k(4). Suppose n = -2*n + 18. Suppose 0 = 2*t - n*t + 128. Calculate the greatest common divisor of d and t.
16
Let a(u) = u + 52. Let z be a(-15). Calculate the greatest common factor of 148 and z.
37
Let i(t) = -t + 6. Let f be i(-9). Let p = -11 + f. Suppose 0*v + 16 = p*v. Calculate the greatest common divisor of 32 and v.
4
Let b be 13*((-6)/(-9))/((-6)/(-99)). What is the highest common factor of b and 13?
13
Let l = -97 + 103. Let y = -17 - -32. Calculate the greatest common divisor of y and l.
3
Suppose 4*m - 60 = -4*o - 0*m, 0 = 2*o - 3*m - 40. What is the greatest common factor of 17 and o?
17
Let t be ((-120)/(-25))/((-3)/(-70)). Suppose 2*f = 3*v + 1, -5*f = v + 3*v - 37. Let z = v - -11. What is the greatest common divisor of t and z?
14
Let i = 68 - 28. Calculate the highest common factor of i and 8.
8
Suppose 5 = -u + 5*g, 47 = -u + 6*u - g. Calculate the greatest common divisor of u and 30.
10
Suppose 67 = -4*p + 1035. What is the highest common divisor of 22 and p?
22
Let j = 82 - 61. Let t = -1 - -43. What is the highest common divisor of t and j?
21
Let g = 117 + -87. Calculate the greatest common divisor of g and 20.
10
Let n be 2 + (-2 - -22) + -2. Calculate the greatest common factor of 60 and n.
20
Let y(f) = -2*f - 5. Let q be y(-4). Suppose -2*t - 170 = -3*r, q*r + t - 245 = -r. What is the greatest common factor of r and 15?
15
Suppose -4*x + 58 = -5*p - 33, x = 2*p + 25. What is the highest common divisor of x and 57?
19
Let k = 2 - -1. Suppose 2*y = -0*y. Suppose t + 4*b + 5 = 0, -5*t - 3*b + 41 + 19 = y. What is the greatest common factor of t and k?
3
Let v(p) = 33*p**2 - 20*p. Let y(k) = -11*k**2 + 7*k. Let t(r) = 6*v(r) + 17*y(r). Let a be t(-4). Calculate the highest common divisor of 20 and a.
20
Suppose 3*w - 9 = -0*w. Let c be -2 + (-1 + w - -12). Let x = -11 - -23. What is the highest common factor of c and x?
12
Suppose 5*m = -4*g + 258, g + 95 = 2*m - 16. Let x = -8 + 14. Calculate the highest common divisor of m and x.
6
Suppose 0 = -2*r + 4 + 8. Suppose 3*m = -27 - r. Let j = 26 + m. Calculate the highest common factor of 30 and j.
15
Let r be ((-105)/(-10))/((-2)/(-24)). What is the greatest common factor of 21 and r?
21
Suppose 4*l + 1 = 5*l. Let w be l - -1 - (-5 - -7). Suppose 5*j - n = 71, j - 13 = -n - w*n. What is the highest common factor of 28 and j?
14
Let c(b) = -17*b - 11. Let r be c(-7). What is the greatest common factor of 12 and r?
12
Let y be (-1)/3 - 3476/(-33). Calculate the highest common factor of y and 21.
21
Suppose 3*y = -2*z + 13, 2*z - 2 = 5*y + 3. Let w be ((-20)/25)/(2/z). Let q be 56/21 - w/6. What is the greatest common factor of 24 and q?
3
Let d(p) = p**3 + p**2 + p + 120. Let s be d(0). Suppose -3*h + s = -h. What is the highest common divisor of 20 and h?
20
Let l(w) = -4*w**3 + 3*w**3 - 11*w**2 + 16*w**2 + 10 + 3*w**2 + w. Let r be l(8). Calculate the highest common factor of 6 and r.
6
Suppose 0 = 2*k + 3*k - 40. Let z = -5 + k. Let s = -198 + 200. What is the highest common diviso